NOAA-Style Climate Reports
Select a Year or Month report
2024: Jan Feb Mar Apr May Jun Jul Aug Sep Oct Nov Dec
2023: Jan Feb Mar Apr May Jun Jul Aug Sep Oct Nov Dec
2022: Jan Feb Mar Apr May Jun Jul Aug Sep Oct Nov Dec
2021: Jan Feb Mar Apr May Jun Jul Aug Sep Oct Nov Dec
2020: Jan Feb Mar Apr May Jun Jul Aug Sep Oct Nov Dec
2019: Jan Feb Mar Apr May Jun Jul Aug Sep Oct Nov Dec
2018: Jan Feb Mar Apr May Jun Jul Aug Sep Oct Nov Dec
2017: Jan Feb Mar Apr May Jun Jul Aug Sep Oct Nov Dec
2016: Jan Feb Mar Apr May Jun Jul Aug Sep Oct Nov Dec
2024: Jan Feb Mar Apr May Jun Jul Aug Sep Oct Nov Dec
2023: Jan Feb Mar Apr May Jun Jul Aug Sep Oct Nov Dec
2022: Jan Feb Mar Apr May Jun Jul Aug Sep Oct Nov Dec
2021: Jan Feb Mar Apr May Jun Jul Aug Sep Oct Nov Dec
2020: Jan Feb Mar Apr May Jun Jul Aug Sep Oct Nov Dec
2019: Jan Feb Mar Apr May Jun Jul Aug Sep Oct Nov Dec
2018: Jan Feb Mar Apr May Jun Jul Aug Sep Oct Nov Dec
2017: Jan Feb Mar Apr May Jun Jul Aug Sep Oct Nov Dec
2016: Jan Feb Mar Apr May Jun Jul Aug Sep Oct Nov Dec
Report for 2016 April
Daily noaa report MONTHLY CLIMATOLOGICAL SUMMARY for APR. 2016 NAME: Walkervale CITY: Bundaberg STATE: QLD ELEV: 80 LAT: -24:53:20 LONG: -152:21:20 TEMPERATURE ( °C), RAIN (mm), WIND SPEED (kmh) HEAT COOL AVG MEAN DEG DEG WIND DOM DAY TEMP HIGH TIME LOW TIME DAYS DAYS RAIN SPEED HIGH TIME DIR -------------------------------------------------------------------------------------------------------- 01 27.1 32.0 11:47 21.1 00:00 00.0 08.8 00.3 05.5 22.2 16:03 ENE 02 25.5 32.6 13:13 19.2 06:02 00.0 07.2 00.0 05.0 22.2 14:48 ESE 03 24.8 31.1 14:24 19.4 06:18 00.0 06.5 00.0 07.0 31.4 15:34 ESE 04 24.7 31.4 12:35 19.2 05:43 00.0 06.4 00.0 07.9 37.0 12:02 ESE 05 24.3 31.0 12:06 20.7 00:00 00.0 06.0 00.9 08.2 33.3 13:37 SE 06 24.4 31.3 11:42 19.1 04:15 00.0 06.1 00.0 06.9 31.4 13:06 ESE 07 24.7 31.7 12:01 18.3 06:13 00.0 06.4 00.0 04.2 20.4 14:13 E 08 24.1 31.6 10:59 18.5 06:14 00.0 05.8 00.0 05.3 25.9 10:42 ESE 09 24.1 31.9 11:50 18.1 05:40 00.0 05.8 00.0 05.3 25.9 14:41 E 10 24.5 31.7 11:57 19.0 05:51 00.0 06.2 00.3 04.9 22.2 12:00 ENE 11 24.5 31.9 13:53 19.4 05:05 00.0 06.2 00.0 03.1 14.8 16:41 ESE 12 24.4 32.4 11:36 20.1 06:30 00.0 06.1 08.4 06.0 31.4 16:31 ESE 13 23.5 30.9 11:45 19.8 06:20 00.0 05.2 01.8 07.3 29.6 12:06 SE 14 23.9 30.6 13:19 19.6 06:16 00.0 05.6 00.6 08.7 33.3 16:23 ESE 15 23.2 29.5 13:40 18.9 06:06 00.0 04.9 00.0 08.1 31.4 14:26 ESE 16 22.1 28.4 10:41 19.0 05:29 00.0 03.8 00.0 07.3 31.4 13:37 ESE 17 23.3 31.4 13:09 17.9 06:15 00.0 05.0 00.0 05.6 24.1 14:20 SE 18 24.2 30.8 11:52 20.3 06:31 00.0 05.9 00.0 05.5 20.4 16:09 ESE 19 23.7 30.9 11:14 18.6 06:17 00.0 05.4 00.0 05.5 24.1 14:58 ESE 20 23.8 30.4 13:02 18.9 06:19 00.0 05.5 00.0 06.6 27.8 13:18 ESE 21 24.0 31.3 12:08 18.2 06:12 00.0 05.7 00.0 05.9 24.1 16:28 ESE 22 24.6 32.3 13:34 19.2 06:21 00.0 06.3 00.0 04.7 24.1 12:12 ESE 23 23.8 32.5 11:13 19.3 04:43 00.0 05.5 02.1 05.4 37.0 18:03 SE 24 23.6 30.4 13:16 18.6 06:04 00.0 05.3 00.0 07.8 33.3 13:02 SE 25 22.6 30.0 12:47 17.3 06:01 00.0 04.3 00.3 10.3 92.5 14:29 SE 26 22.3 28.8 11:56 19.1 03:20 00.0 04.0 00.0 10.2 38.9 09:21 SE 27 23.6 29.8 12:11 19.3 06:28 00.0 05.3 00.0 08.0 33.3 10:14 ESE 28 23.7 30.1 12:11 19.3 06:10 00.0 05.4 00.0 07.1 27.8 13:49 ESE 29 24.1 29.7 14:38 20.1 06:36 00.0 05.8 00.6 07.0 27.8 12:45 ESE -------------------------------------------------------------------------------------------------------- 24.0 (25.1) 32.6 day 02 17.3 day 24 000.0 166.1 015.3 06.6 92.5 day 25 ESE Max > 30: 24 Min < 30: 29 Max Rain: 8.4 ON 12-04-16 Days of Rain: 9 (> .2mm) 2 (> 2mm) 0 (> 20mm)