NOAA-Style Climate Reports
Select a Year or Month report
2024: Jan Feb Mar Apr May Jun Jul Aug Sep Oct Nov Dec
2023: Jan Feb Mar Apr May Jun Jul Aug Sep Oct Nov Dec
2022: Jan Feb Mar Apr May Jun Jul Aug Sep Oct Nov Dec
2021: Jan Feb Mar Apr May Jun Jul Aug Sep Oct Nov Dec
2020: Jan Feb Mar Apr May Jun Jul Aug Sep Oct Nov Dec
2019: Jan Feb Mar Apr May Jun Jul Aug Sep Oct Nov Dec
2018: Jan Feb Mar Apr May Jun Jul Aug Sep Oct Nov Dec
2017: Jan Feb Mar Apr May Jun Jul Aug Sep Oct Nov Dec
2016: Jan Feb Mar Apr May Jun Jul Aug Sep Oct Nov Dec
2024: Jan Feb Mar Apr May Jun Jul Aug Sep Oct Nov Dec
2023: Jan Feb Mar Apr May Jun Jul Aug Sep Oct Nov Dec
2022: Jan Feb Mar Apr May Jun Jul Aug Sep Oct Nov Dec
2021: Jan Feb Mar Apr May Jun Jul Aug Sep Oct Nov Dec
2020: Jan Feb Mar Apr May Jun Jul Aug Sep Oct Nov Dec
2019: Jan Feb Mar Apr May Jun Jul Aug Sep Oct Nov Dec
2018: Jan Feb Mar Apr May Jun Jul Aug Sep Oct Nov Dec
2017: Jan Feb Mar Apr May Jun Jul Aug Sep Oct Nov Dec
2016: Jan Feb Mar Apr May Jun Jul Aug Sep Oct Nov Dec
Report for 2019
Daily noaa report YEARLY CLIMATOLOGICAL SUMMARY for Sep 2019 NAME: Walkervale CITY: Bundaberg STATE: QLD ELEV: 80 LAT: -24:53:20 LONG: -152:21:20 TEMPERATURE ( °C), RAIN (mm), WIND SPEED (kmh) HEAT COOL AVG MEAN DEG DEG WIND DOM MTH TEMP HIGH TIME LOW TIME DAYS DAYS RAIN SPEED HIGH TIME DIR -------------------------------------------------------------------------------------------------------- 01 26.9 32.8 13:51 20.8 04:24 0000.0 0267.8 00.0 09.0 37.0 08:12 E 02 26.8 36.1 14:18 19.2 03:30 0000.0 0238.3 41.4 09.0 46.3 08:42 ESE 03 26.1 35.2 11:53 16.4 06:12 0000.0 0242.4 67.5 07.1 40.7 08:23 E 04 23.5 33.4 12:12 16.9 03:10 0000.0 0156.4 47.7 07.7 37.0 08:48 ESE 05 20.6 31.0 13:12 08.7 06:24 0004.6 0078.4 18.0 06.6 48.1 08:57 ESE 06 18.1 30.0 12:25 08.0 06:35 0028.3 0016.9 05.7 06.5 38.9 08:57 SE 07 18.1 29.3 13:33 07.5 06:35 0017.7 0012.6 07.2 05.9 42.5 07:24 SE 08 18.4 30.2 12:31 02.5 14:50 0014.0 0016.2 01.8 06.4 42.5 08:37 SE 09 21.0 35.2 13:12 10.8 06:08 0000.7 0085.4 27.6 08.0 51.8 08:03 SE -------------------------------------------------------------------------------------------------------- 22.2 36.1 2.5 065.2 1114.3 244.5 7.3 51.8 SE Max > 32.0: 109 Max < 0.0: 0 Min < 0.0: 276 Min < -18.0: 0 Max > 32.0: 109 Max < 0.0: 0 Min < 0.0: 276 Min < -18.0: 0 Max < -5.0: 0 Min < -5.0: 0 Max < -10.0: 0 Min < -10.0: 0 Max < -15.0: 0 Min < -15.0: 0 Max < -20.0: 0 Min < -20.0: 0 Max < -25.0: 0 Min < -25.0: 0 Max Rain: 0.0 ON 1-01-19 Days of Rain: 80 (> .2mm) 34 (> 2mm) 0 (> 20mm) Max > 30: 6